{"id":35011,"date":"2022-10-03T16:14:38","date_gmt":"2022-10-03T16:14:38","guid":{"rendered":"https:\/\/lentopaikat.fi\/wp-content\/uploads\/EFPI_ilmakuva.jpg"},"modified":"2022-11-17T23:33:41","modified_gmt":"2022-11-17T21:33:41","slug":"efpi_ilmakuva-2","status":"inherit","type":"attachment","link":"https:\/\/lentopaikat.fi\/en\/efpi_ilmakuva-2\/","title":{"rendered":"EFPI_ilmakuva"},"author":1,"featured_media":0,"comment_status":"open","ping_status":"closed","template":"","meta":{"inline_featured_image":false,"_lmt_disableupdate":"","_lmt_disable":""},"class_list":["post-35011","attachment","type-attachment","status-inherit","hentry"],"description":{"rendered":"<p class=\"attachment\"><a href='https:\/\/lentopaikat.fi\/wp-content\/uploads\/EFPI_ilmakuva.jpg'><img fetchpriority=\"high\" decoding=\"async\" width=\"300\" height=\"177\" src=\"https:\/\/lentopaikat.fi\/wp-content\/uploads\/EFPI_ilmakuva-300x177.jpg\" class=\"attachment-medium size-medium\" alt=\"\" srcset=\"https:\/\/lentopaikat.fi\/wp-content\/uploads\/EFPI_ilmakuva-300x177.jpg 300w, https:\/\/lentopaikat.fi\/wp-content\/uploads\/EFPI_ilmakuva-1024x604.jpg 1024w, https:\/\/lentopaikat.fi\/wp-content\/uploads\/EFPI_ilmakuva-768x453.jpg 768w, https:\/\/lentopaikat.fi\/wp-content\/uploads\/EFPI_ilmakuva-18x12.jpg 18w, https:\/\/lentopaikat.fi\/wp-content\/uploads\/EFPI_ilmakuva.jpg 1500w\" sizes=\"(max-width: 300px) 100vw, 300px\" \/><\/a><\/p>\n<p>TARKEMPI KUVA PIIKAJ\u00c4RVEST\u00c4 ILMASTA K\u00c4SIN. KUVATTU KES\u00c4LL\u00c4 2012 (KLIKKAA SUUREKSI)<br \/>\nKUVA: AARNO ISOM\u00c4KI<\/p>\n"},"caption":{"rendered":"<p>TARKEMPI KUVA PIIKAJ\u00c4RVEST\u00c4 ILMASTA K\u00c4SIN. KUVATTU KES\u00c4LL\u00c4 2012 (KLIKKAA SUUREKSI)<br \/>\nKUVA: AARNO ISOM\u00c4KI<\/p>\n"},"alt_text":"","media_type":"image","mime_type":"image\/jpeg","media_details":{"width":1500,"height":885,"file":"EFPI_ilmakuva.jpg","filesize":1075138,"sizes":{"medium":{"file":"EFPI_ilmakuva-300x177.jpg","width":300,"height":177,"filesize":18720,"mime_type":"image\/jpeg","source_url":"https:\/\/lentopaikat.fi\/wp-content\/uploads\/EFPI_ilmakuva-300x177.jpg"},"large":{"file":"EFPI_ilmakuva-1024x604.jpg","width":1024,"height":604,"filesize":293661,"mime_type":"image\/jpeg","source_url":"https:\/\/lentopaikat.fi\/wp-content\/uploads\/EFPI_ilmakuva-1024x604.jpg"},"thumbnail":{"file":"EFPI_ilmakuva-150x150.jpg","width":150,"height":150,"filesize":8152,"mime_type":"image\/jpeg","source_url":"https:\/\/lentopaikat.fi\/wp-content\/uploads\/EFPI_ilmakuva-150x150.jpg"},"medium_large":{"file":"EFPI_ilmakuva-768x453.jpg","width":768,"height":453,"filesize":152874,"mime_type":"image\/jpeg","source_url":"https:\/\/lentopaikat.fi\/wp-content\/uploads\/EFPI_ilmakuva-768x453.jpg"},"trp-custom-language-flag":{"file":"EFPI_ilmakuva-18x12.jpg","width":18,"height":12,"filesize":420,"mime_type":"image\/jpeg","source_url":"https:\/\/lentopaikat.fi\/wp-content\/uploads\/EFPI_ilmakuva-18x12.jpg"},"full":{"file":"EFPI_ilmakuva.jpg","width":1500,"height":885,"mime_type":"image\/jpeg","source_url":"https:\/\/lentopaikat.fi\/wp-content\/uploads\/EFPI_ilmakuva.jpg"}},"image_meta":{"aperture":"0","credit":"","camera":"","caption":"","created_timestamp":"0","copyright":"","focal_length":"0","iso":"0","shutter_speed":"0","title":"","orientation":"0","keywords":[]}},"post":null,"source_url":"https:\/\/lentopaikat.fi\/wp-content\/uploads\/EFPI_ilmakuva.jpg","_links":{"self":[{"href":"https:\/\/lentopaikat.fi\/en\/wp-json\/wp\/v2\/media\/35011","targetHints":{"allow":["GET"]}}],"collection":[{"href":"https:\/\/lentopaikat.fi\/en\/wp-json\/wp\/v2\/media"}],"about":[{"href":"https:\/\/lentopaikat.fi\/en\/wp-json\/wp\/v2\/types\/attachment"}],"author":[{"embeddable":true,"href":"https:\/\/lentopaikat.fi\/en\/wp-json\/wp\/v2\/users\/1"}],"replies":[{"embeddable":true,"href":"https:\/\/lentopaikat.fi\/en\/wp-json\/wp\/v2\/comments?post=35011"}]}}

<p class="attachment"><a href='https://lentopaikat.fi/wp-content/uploads/EFPI_ilmakuva.jpg'><img fetchpriority="high" decoding="async" width="300" height="177" src="https://lentopaikat.fi/wp-content/uploads/EFPI_ilmakuva-300x177.jpg" class="attachment-medium size-medium" alt="" srcset="https://lentopaikat.fi/wp-content/uploads/EFPI_ilmakuva-300x177.jpg 300w, https://lentopaikat.fi/wp-content/uploads/EFPI_ilmakuva-1024x604.jpg 1024w, https://lentopaikat.fi/wp-content/uploads/EFPI_ilmakuva-768x453.jpg 768w, https://lentopaikat.fi/wp-content/uploads/EFPI_ilmakuva-18x12.jpg 18w, https://lentopaikat.fi/wp-content/uploads/EFPI_ilmakuva.jpg 1500w" sizes="(max-width: 300px) 100vw, 300px" /></a></p>
<p>TARKEMPI KUVA PIIKAJÄRVESTÄ ILMASTA KÄSIN. KUVATTU KESÄLLÄ 2012 (KLIKKAA SUUREKSI)<br />
KUVA: AARNO ISOMÄKI</p>

<p>TARKEMPI KUVA PIIKAJÄRVESTÄ ILMASTA KÄSIN. KUVATTU KESÄLLÄ 2012 (KLIKKAA SUUREKSI)<br />
KUVA: AARNO ISOMÄKI</p>
